= 4*w, -2*w = -2*a + n. What is the tens digit of a?
1
Suppose -4*o = -4*a - 15060, o - 4*a + a - 3773 = 0. What is the tens digit of o?
6
Let s(a) = -1 - 3 - 3*a + 0*a + a**2 - 7. What is the tens digit of s(11)?
7
Let n(t) = -5*t - 20. Let x be n(-6). Suppose -x*p = -5*p - 175. What is the tens digit of p?
3
Let s be (0/(-3) + -1)*0. Let f be -1 + -2 - s - -1. What is the tens digit of 4*28/(-8)*f?
2
Let w be (2 + 154)*(-5)/(-10). Let b = -29 + w. What is the units digit of b?
9
Let l = -64 + 438. Suppose -8*z = -l - 10. What is the tens digit of z?
4
Let f = -9 - -1. Let t(y) = -y**3 - 9*y**2 - 9*y - 12. Let s be t(f). What is the units digit of (70/s)/((-2)/4)?
5
Let q = -625 + 758. What is the hundreds digit of q?
1
Let p = 855 + -682. What is the units digit of p?
3
Suppose -2*n = 2*o - 5242, 3*o = -2*n + 7*n + 7847. What is the hundreds digit of o?
6
Suppose -f - 3 = v - 6, 3*f = 4*v + 23. Suppose f*r = 3*y + 259 - 53, r - 55 = -4*y. What is the tens digit of r?
4
Suppose -4*p - 25 + 49 = 0. Suppose -5*x - 207 = -p*x. What is the hundreds digit of x?
2
What is the tens digit of (-11 - 8/(-1))*1412/(-6)?
0
Let l be ((-1064)/(-10))/2 + (-18)/90. Let p = 7 - -29. Let i = l - p. What is the tens digit of i?
1
Let x(j) = j**2 + 5*j + 4. Suppose 0 = 4*c + 3 - 23. What is the tens digit of x(c)?
5
Let a(k) be the third derivative of k**4/3 + 3*k**3/2 + 7*k**2. What is the units digit of a(4)?
1
Suppose -2*t + 1480 = -4*w + 5*w, 3705 = 5*t + 5*w. What is the tens digit of t?
3
Let y be (-28)/8*1*-2 + -1. What is the units digit of 1/(-3) + 404/y?
7
Suppose -5*h + 5*l + 4225 = -13885, -2*h - 4*l + 7220 = 0. What is the tens digit of h?
1
Suppose 0 = -l + 11 - 8. Let w be ((-50)/35)/(l/(-21)). Let q(u) = 4*u - 25. What is the units digit of q(w)?
5
Let u be 2/(-1)*5/(-2). Suppose -3 = 5*f - 5*o + 2, -3*o - u = -5*f. What is the units digit of f?
4
Let o(x) = -x**3 + 14*x**2 + 11*x - 25. What is the tens digit of o(8)?
4
Suppose -88 = -3*g - 3*z - z, -3*z = 6. Let s = g - 23. What is the units digit of -78*(s/(-2) + 4)?
9
Let d(x) = x - 1. Let f(o) = 4*o - 4. Let r(t) = 7*d(t) - 2*f(t). Let i be r(-2). Suppose -i*m + 3*a = -27, -5*a + 4 = -11. What is the units digit of m?
2
Let g(u) = -u**3 - 7*u**2 - 3*u + 6. Let y = 12 - 6. Suppose 3*h - 21 = y*h. What is the tens digit of g(h)?
2
Suppose 6*a - 1448 = 3574. What is the tens digit of a?
3
Suppose 3*f - 81 = 4*s, 2*f + 3*s = 47 - 10. Let u = f - -52. What is the units digit of u?
5
Suppose f - 3*f - 5*o = -1119, -3*f + 1716 = -5*o. What is the tens digit of f?
6
Let o = -31 + 34. Suppose -3*w = -0*l - l + 87, -5*w + o*l = 145. Let n = w + 44. What is the tens digit of n?
1
Suppose -5 = 4*m + 23. What is the units digit of (-30)/(-2)*(m - -8)?
5
Suppose 4019 = 5*u - 2191. What is the thousands digit of u?
1
Let w(c) = 276*c**2 + 17*c - 11. What is the units digit of w(2)?
7
Let p(k) = -2*k**3 - 2*k**2 + 4*k + 2513. What is the thousands digit of p(0)?
2
Let z be 459 + 1 - (0/(-3) + 1). Suppose 0*r = -3*r + z. What is the units digit of r?
3
Let g(r) = 3 - 5*r**2 + 0*r - r + 7*r**2. Let f be g(4). Suppose i = -7 + f. What is the units digit of i?
4
Suppose 0 = c + 4*c - 20. Let u be (c/(-8))/(2/(-28)). Suppose u*d = 5*d + 64. What is the units digit of d?
2
Suppose -n + 3*n - 8 = 0. Suppose -49 - 83 = -n*f. Suppose 2*d + 0*d = u + f, 3*d - 17 = -5*u. What is the tens digit of d?
1
Let q(l) = l**2 - l + 40. Let t be q(0). Let i = t + -74. What is the units digit of 5*(i/(-5) + -3)?
9
Let c = -72 - -65. Let h(s) = -3*s. Let d(q) = -10*q - 1. Let p(t) = -4*d(t) + 14*h(t). What is the units digit of p(c)?
8
Let y(s) = 660*s - 161. What is the units digit of y(3)?
9
Let j = -394 + 599. What is the hundreds digit of j?
2
Let q(s) = -s**2 + 12*s + 11. Let f be q(5). Let c = 101 - f. What is the tens digit of c?
5
Let h(w) = -w**3 + 49*w**2 - 88*w + 137. What is the hundreds digit of h(46)?
4
Suppose 0 = z, -2*a + 5*z = 3*a. Suppose a = q - 2*y - 66, -3*y + 115 + 17 = 2*q. What is the tens digit of q?
6
Let p = -135 + 556. What is the units digit of p?
1
Let f(t) = 5*t**2 - t - 1. Let r be (-4)/6*9/6. Let z be f(r). What is the units digit of 200/(-8)*(-2)/z?
0
Suppose 0 = 6*j - j - 20. Suppose -5*q + 37 = -j*l + 2, -2*l - 7 = -q. Suppose 3*w + 200 = q*w. What is the units digit of w?
0
Let x be 0/(-3) + (-3 - -7). Suppose 4*s = 2*i - 2, x*s + 3*i = -0*s + 23. What is the units digit of s/(-4)*0 + 19?
9
Let i(t) = -2*t**2 - 22*t + 2. Let r be i(-12). Let o(k) = k**2 + 19*k + 13. What is the tens digit of o(r)?
7
Let t be 1*5/(10/8). Suppose -2*h + 5 = s, 4*s = -4*h - t + 28. Suppose s*u - 100 = 3*u. What is the tens digit of u?
2
Suppose 0 = -3*t + b, 0*t - b = 5*t. Suppose t = v + 2 - 3. What is the tens digit of v*(3 - 2) + 20?
2
Let z = 1072 - 151. What is the hundreds digit of z?
9
Let v = -124 + 300. Let o = -30 + v. What is the hundreds digit of o?
1
Let d(w) = 5*w**2 - 8*w. Let g be d(-4). Suppose -53 = -3*o + g. Let c = o + -20. What is the units digit of c?
5
What is the units digit of (234/(-10))/(0 - 9/30)?
8
Suppose -4*k - q = 4, -2*q + 22 = -5*k + q. What is the tens digit of 39 + k/(-3 + 1) + 0?
4
Let g = 36 + 10. Suppose -2*x = -g - 42. What is the tens digit of x?
4
Let m(r) = r + 8. Let g(x) = -x. Let u(p) = 4*g(p) - m(p). Let t(v) = -5*v - 9. Let z(h) = 6*t(h) - 7*u(h). What is the units digit of z(11)?
7
Let f(c) = 2*c - 2. Let a be (-66)/(3 + -1)*-1. Let m be (2/3)/(11/a). What is the units digit of f(m)?
2
Let r = -404 - -623. Suppose 2*i - 3*s - 79 = 0, -3*i - s = 84 - r. What is the tens digit of i?
4
Let k = 580 + -301. What is the tens digit of k?
7
Let b = 11 + -2. Let d = b + -8. What is the tens digit of 6*(1 + 1 + d)?
1
Suppose -n + 3*z = -288, 5*n - 2*z - 2225 + 824 = 0. What is the tens digit of n?
7
What is the units digit of (-12)/16 - (-6 - (-663)/(-4))?
1
Let p(d) = -d**3 - 14*d**2 - 11*d + 30. Let n be p(-13). What is the hundreds digit of (0 - n)/((-16)/824)?
2
Suppose y = 17*y - 12208. What is the units digit of y?
3
Let z = 5773 - 3310. What is the tens digit of z?
6
Suppose 4*c - 5*c = 0. What is the tens digit of (-2)/((-10)/(-2325)*(-5 - c))?
9
Let q(s) be the first derivative of -s**3/3 - 7*s**2/2 - 1. Let w = -117 - -111. What is the units digit of q(w)?
6
Suppose 2*m - 82 = -s + 4*m, 0 = 3*s - 2*m - 238. Let t = s + -55. What is the tens digit of t?
2
Suppose 3*n + 2*n + 6 = -2*h, -4*n + 3 = -h. What is the tens digit of (63/14)/(h/(-52))?
7
Let p(s) = 102*s - 196. What is the hundreds digit of p(11)?
9
Let q(i) = i**3 - 12*i**2 + 11*i - 4. Let g be q(11). Let t be (g/5)/(2/(-5)). Suppose 2*j - 62 = -t*o, 2*j + 5*o = -j + 83. What is the units digit of j?
6
Let c(m) = 45*m**3 - 7*m**2 + 4*m - 4. What is the hundreds digit of c(2)?
3
Suppose 5*u + 30 = -2*z, 13 = -5*z + 2*u + u. Let n = 0 - z. Suppose v - n = 1. What is the units digit of v?
6
Suppose -a - 20 + 63 = 0. What is the tens digit of a?
4
Suppose 10*z + 10888 = 3*g + 6*z, -g = -3*z - 3621. What is the thousands digit of g?
3
Let s(p) = p**2 + 27*p + 44. What is the tens digit of s(-31)?
6
What is the units digit of (-4 - 1) + (-32 - -42) + 1517?
2
Let w = -17 - -21. Suppose -2*c + 5*c + 4*a - 188 = 0, c + w*a = 52. What is the tens digit of 7/14*(c + 0)?
3
Let q(n) = -n**3 - 11*n**2 - 9*n + 9. Suppose -14*c - 30 = -11*c. Let m be q(c). What is the units digit of 6/12*(m - -13)?
6
Let a be (-261 + 17)*(-1)/2. Let g = -59 + a. What is the tens digit of g?
6
What is the units digit of -3*(2 - (-28)/(-12)) - -8?
9
Suppose -5*s = -n - 22, 0*s + 5*s = 2*n + 19. Suppose -312 = -n*z - 66. What is the tens digit of z?
8
Let b(s) = -s**2 + 3*s + 1. Let n be b(2). Suppose 587 = 4*r - 5*z, -n*r - z + 741 = 2*r. What is the tens digit of r?
4
Let s(f) be the third derivative of f**4/24 + f**3/2 + 13*f**2. What is the units digit of s(2)?
5
Let f be 2/4 - (-90)/12. Suppose 882 = g + f*g. What is the tens digit of g?
9
Let c(q) = -q**3 + 5*q**2 + 8*q - 15. What is the units digit of c(5)?
5
Suppose -4*h = 2*a - 10 - 66, 3*a = -h + 134. What is the units digit of a?
6
Let v be -1 - 67/((-2)/(-2)*-1). Let g = v - -48. What is the tens digit of g?
1
Let f be 0 + -2 - (-7 + 1). Suppose -5*s - c = 5, 2*s = c + f + 1.